ose 3*s - 8*s = -4*w - 93, 2*s - 3*w = 40. What is the tens digit of s?
1
Suppose 4*w + 0*w = 0. Let p(n) = n**3 - n**2 + n - 3. Let y be p(w). What is the units digit of 2/4 - y/6?
1
Let o be ((-10)/12)/(7/(-42)). Suppose -o*b - 50 = -5*d, 0 = 4*d - b + 2*b - 65. What is the units digit of d?
5
Let r = 233 - -57. What is the hundreds digit of r?
2
Let c(n) be the second derivative of -1/20*n**5 + 2*n - 5/6*n**4 - 11/6*n**3 - 6*n**2 + 0. What is the units digit of c(-9)?
6
Suppose 12 - 116 = -5*i - d, -3*i + 66 = -3*d. What is the units digit of i?
1
Suppose 4*q - 352 = -4*k, -q + 361 = 4*k - 6*q. What is the units digit of k?
9
Suppose -4*h = 10 + 42. Let n = 0 - h. What is the units digit of n?
3
Suppose -6*z - 495 = -1503. What is the tens digit of z?
6
Let m(g) = g**3 + 10*g**2 + 8*g + 6. What is the units digit of m(-9)?
5
Let q = -18 - -23. Suppose 125 = q*m + 5*h, m = -0*m - 3*h + 17. What is the units digit of m?
9
Let i = -6 + 10. Let h(u) = u**3 - 3*u**2 - 4*u + 5. What is the units digit of h(i)?
5
Let s be -5 - (-4 - 2*-1). Let o = 5 + s. Suppose -g - 11 + 47 = 4*b, o*g - 40 = -4*b. What is the units digit of b?
8
Let a be -2*((-15)/2)/5. Suppose -22 = -5*l + a. What is the units digit of l?
5
Suppose 3*l = -i - 2*i + 54, 0 = -l + 5. What is the tens digit of i?
1
Suppose -f + 7 = -3*r, -3*r + f - 27 = 4*f. Let h be (1 - r) + (-4 - -3). What is the units digit of h + 6/(-3) + 4?
6
Let o(z) = z**3 - 24. Let i be o(0). Let t = i - -48. What is the units digit of t?
4
Let o(j) = 12*j - 20. What is the units digit of o(10)?
0
Let d(w) be the third derivative of w**5/60 + w**4/24 - w**3/6 + 2*w**2. Let q be d(-3). Suppose -7*o = -2*o - q. What is the units digit of o?
1
Let o be ((1 - 2) + 1)/(-1). Let m be (0 + o/2)*1. Suppose m*x + 12 = -3*x, 3*z - x = 46. What is the tens digit of z?
1
Suppose 0 = 2*q - c - 13, 3*q + 4*c = -2*q. Let j = 4 - q. Suppose 0 = -2*z + 16 - j. What is the units digit of z?
8
Let a(u) = 2*u - 3. Let x be a(3). Suppose -x*d + 6*d = 0. Let b(k) = k**3 - k**2 - k + 2. What is the units digit of b(d)?
2
Suppose 3*q - 5*f = 80 + 89, -5*q + 289 = -f. What is the tens digit of q?
5
Let z = -610 - -855. What is the hundreds digit of z?
2
Suppose 0*q + d - 192 = -5*q, -3*d - 32 = -q. Suppose z + z = q. What is the tens digit of z?
1
Suppose 4*r + 0*r = 5*p + 696, -3*r = 4*p - 553. What is the hundreds digit of r?
1
Suppose 0 = b - 3*b + 4*z + 14, -4*z - 40 = -4*b. Let o be (-1)/(-4 + 129/99*3). Let r = b - o. What is the units digit of r?
2
Let o(s) = -s**3 - 3*s**2 + 4*s - 1. Let c be o(-4). Let i(k) = 35*k - 1. Let v be i(c). What is the units digit of (1*2)/((-8)/v)?
9
Let k = -42 - -95. What is the units digit of k?
3
Let z = 35 - 23. What is the units digit of z?
2
Suppose -3*l = l - 672. What is the hundreds digit of l?
1
Suppose -5*d = 4*t - 26, -3*d + 4*t + 19 = 3*t. Suppose -d*m = -3*m + 57. Let k = -13 - m. What is the units digit of k?
6
Let r(l) = -l**3 + 12*l**2 + 15. What is the units digit of r(12)?
5
Let l be (1 - 2)*(-2 - 13). Let r = l - 5. What is the units digit of r?
0
Let z be ((-2)/(-2))/((-1)/(-2)). Let x be 10/(-25) - z/(-5). Let v = 2 + x. What is the units digit of v?
2
What is the units digit of 1 - (0 - (92 + -1 + -2))?
0
Let l = 2 + -1. Let j(c) = l - 5 + 0*c - 1 + 4*c. What is the tens digit of j(4)?
1
Let v(g) = -g**3 + g**2 + g - 1. Let m be v(-2). Suppose 85 = m*z - 4*z. What is the units digit of z?
7
Let d(g) = 33*g + 19. What is the tens digit of d(5)?
8
Let o = 3 - -1. Let b(w) = w**3 - 3*w**2 - 3*w - 5. Let v be b(o). What is the units digit of (-24)/(-6)*v/(-2)?
2
Let l(v) = 3*v**2 + 4*v + 2. Suppose 0 = 4*o - 9*o - 20. Let k be l(o). Suppose 3*h = 4*r - 95, 4*h + k = r + 7. What is the tens digit of r?
2
Suppose -5*b + 21 = -224. What is the tens digit of b?
4
Let p(q) = -18*q. What is the tens digit of p(-2)?
3
Let n(q) = -1 - q**3 + 5*q + 8*q - q**2 - q - 15*q. Suppose 5*w + 5*b - 5 = 0, -w + 0*b - 11 = -3*b. What is the units digit of n(w)?
9
Let q(k) = k**2 - k - 6. Let w be q(8). Let b be w/3 - 4/6. What is the tens digit of (1*-6)/2 + b?
1
Let g(f) = -f. Let y be g(3). Let r = 10 + y. Let d(x) = -x**3 + 8*x**2 - 6*x + 1. What is the units digit of d(r)?
8
Suppose -x + 3*i - 8*i + 49 = 0, -x = -4*i - 13. What is the tens digit of x?
2
Suppose d = 4*d - 12. Suppose 3*a - 5*o - 29 = 0, d*a - o = 3*o + 36. What is the units digit of a?
8
Let b(l) = l**3 + 4*l**2 - 6*l + 14. Let s be b(-6). Let j(t) = t**3 + 8*t**2 + 4*t - 1. Let k be j(-3). Let c = k + s. What is the tens digit of c?
1
Suppose 2*h + 0*h - 5 = -5*o, 3*h = -4*o + 4. Suppose r + o = 13. What is the units digit of r?
2
Suppose 772 = 4*m + 3*n, -194 = -4*m + 3*m - n. What is the tens digit of m?
9
Let f be (-21)/9 - 2/3. Let z = f - -1. What is the units digit of z + -3*(-21)/9?
5
Let q be (2/(-1))/(3 + -5). Suppose 4*y = -5*u - q, -4*u + 4*y - 9 = u. Let f = 2 + u. What is the units digit of f?
1
Let w(x) = x**3 + 16*x**2 - x + 39. What is the tens digit of w(-16)?
5
Suppose -2 = i, 2*y + y - 2*i + 26 = 0. Let b be 4/y - 168/30. What is the units digit of (-4)/b*(-27)/(-2)?
9
Let u(j) = -j - 11. Let o be u(-9). Let l = 20 + o. Let n = l + -4. What is the units digit of n?
4
Let x(b) = -4*b - 12. Suppose 0 = s + 2 + 3. What is the units digit of x(s)?
8
Let u be (-25)/10*(-4)/5. Suppose -4*a + 4*g = -28, 0*g + 1 = -u*a - g. Suppose a*k - 5*k + 12 = 0. What is the units digit of k?
4
Let g(o) = -o**2 - 6*o - 2. Let n be g(-3). Let v(j) = j**3 - j**2 + 1. Let u be v(-1). Let a = u + n. What is the units digit of a?
6
Let y = 1 - -7. Let w = 1 + y. What is the units digit of w?
9
Let p(d) be the first derivative of -d**2/2 + 11*d + 5. What is the tens digit of p(-5)?
1
Suppose -2*y + 458 = 5*k, 4*k + 982 - 122 = 4*y. What is the units digit of y?
9
Let f(u) = u**3 + 4. Suppose -4*r = r - 10. Let v be 4 + -2 - (r + 0). What is the units digit of f(v)?
4
Suppose -x - 3*m + 17 = -m, 4*x + 5*m = 71. What is the tens digit of x?
1
Let f(s) = 3*s**3 - 5*s + 4. What is the tens digit of f(3)?
7
Let u(k) = -k**3 - 5*k**2 + 7*k + 9. Let p be u(-6). Suppose -2*y = 5*z - 30 - 15, -4*z + 4*y + 64 = 0. Let j = z - p. What is the units digit of j?
8
Let c be (45/10)/((-1)/(-4)). What is the tens digit of -3 + (-11)/((-11)/c)?
1
Suppose 2*j + 51 = 17. Let p = 22 + j. What is the units digit of p?
5
Let l(m) = 2*m + 1 - 2 - m**2 + 2*m**3 - 3*m**3 + 3*m**3. What is the units digit of l(1)?
2
Suppose -3 = 3*s - 0, -11 = 3*p + 5*s. What is the units digit of p/4 + (-42)/(-4)?
0
Suppose 2*l - 6 = 5*f, 0 = -5*l - f - 3*f - 18. Let y = l + 3. What is the units digit of 17 + y - (-2 - 0)?
0
Suppose -5*c - 90 = -305. What is the tens digit of c?
4
Suppose -5*u + 122 = 2*r, 5*r + 3*u = 2*u + 305. What is the units digit of r?
1
Let a(q) = 261*q**2 - 1. What is the tens digit of a(1)?
6
Let c(l) = 0*l + 2 + 2*l**2 + 1 - 5 + l. Let w be c(2). Suppose -r + w = -3. What is the tens digit of r?
1
Let l = 424 - 249. Suppose -c - 5*q = -15, -2*c - 5*q + l = 3*c. Suppose 0 = -4*v - 3*m + 10 + 17, 5*m = -5*v + c. What is the units digit of v?
3
Suppose -5*f = -360 + 60. Suppose -f = 2*c - 7*c. What is the units digit of c?
2
Let s be -2*((-5)/(-2) + -2). Let y be (1 + s)/(-2 + 0). Suppose 0 = 4*o - y - 36. What is the units digit of o?
9
What is the units digit of (-4)/(8/2) - (0 + -47)?
6
Let r = -36 + 62. What is the tens digit of r?
2
What is the hundreds digit of (15 - 0)/((-350)/119 + 3)?
2
Let m = 14 - 6. Suppose 5*n = m*z - 3*z, -5*z = 2*n + 14. What is the units digit of n/8 - (-100)/16?
6
Let r(h) = 2*h**2 - h + 9. What is the units digit of r(-5)?
4
Suppose -5*r = -8*r - 6. Let l be (r + 0 - -1) + -1. What is the units digit of 2*3/l*-1?
3
Suppose -90 = 25*o - 30*o. What is the tens digit of o?
1
Suppose 0 = 4*q + 4*q - 432. What is the tens digit of q?
5
Suppose -2*k - 6 = -14. Suppose -4*m - 3*i = -27, 4*m + 13 = i + k*i. What is the units digit of m?
3
Suppose b + 20 = 5*b. Let r = 18 - 10. Let w = r - b. What is the units digit of w?
3
Suppose -5*x - 30 = -300. Suppose -2*n - 6 + x = 0. Suppose n = c + 2*c. What is the units digit of c?
8
Suppose 0 = -m - 0*m + 9. What is the units digit of 1290/27 - (-2)/m?
8
Suppose -147 = -q + 